{"id":227,"date":"2026-02-10T09:41:09","date_gmt":"2026-02-10T08:41:09","guid":{"rendered":"https:\/\/trusty-projet.fr\/jenile_website\/?post_type=product&#038;p=227"},"modified":"2026-02-10T09:52:09","modified_gmt":"2026-02-10T08:52:09","slug":"pack-securite-2-0","status":"publish","type":"product","link":"https:\/\/trusty-projet.fr\/jenile_website\/produit\/pack-securite-2-0\/","title":{"rendered":"Pack S\u00e9curit\u00e9 2.0"},"content":{"rendered":"<div class=\"product__description\">\n<p>Soyez serein! \u00c9quipez votre logement en toute s\u00e9curit\u00e9 avec le <strong>Pack S\u00e9curit\u00e9<\/strong> adapt\u00e9 sp\u00e9cialement pour les personnes sourdes et malentendantes.<\/p>\n<\/div>\n","protected":false},"excerpt":{"rendered":"<div class=\"product__description\">\n<p>Soyez serein! \u00c9quipez votre logement en toute s\u00e9curit\u00e9 avec le <strong>Pack S\u00e9curit\u00e9<\/strong> adapt\u00e9 sp\u00e9cialement pour les personnes sourdes et malentendantes.<\/p>\n<\/div>\n","protected":false},"featured_media":161,"comment_status":"open","ping_status":"closed","template":"","meta":[],"product_brand":[],"product_cat":[21,16],"product_tag":[],"class_list":{"0":"post-227","1":"product","2":"type-product","3":"status-publish","4":"has-post-thumbnail","6":"product_cat-sonnettes","7":"product_cat-tous","9":"first","10":"instock","11":"taxable","12":"shipping-taxable","13":"purchasable","14":"product-type-simple"},"_links":{"self":[{"href":"https:\/\/trusty-projet.fr\/jenile_website\/wp-json\/wp\/v2\/product\/227","targetHints":{"allow":["GET"]}}],"collection":[{"href":"https:\/\/trusty-projet.fr\/jenile_website\/wp-json\/wp\/v2\/product"}],"about":[{"href":"https:\/\/trusty-projet.fr\/jenile_website\/wp-json\/wp\/v2\/types\/product"}],"replies":[{"embeddable":true,"href":"https:\/\/trusty-projet.fr\/jenile_website\/wp-json\/wp\/v2\/comments?post=227"}],"wp:featuredmedia":[{"embeddable":true,"href":"https:\/\/trusty-projet.fr\/jenile_website\/wp-json\/wp\/v2\/media\/161"}],"wp:attachment":[{"href":"https:\/\/trusty-projet.fr\/jenile_website\/wp-json\/wp\/v2\/media?parent=227"}],"wp:term":[{"taxonomy":"product_brand","embeddable":true,"href":"https:\/\/trusty-projet.fr\/jenile_website\/wp-json\/wp\/v2\/product_brand?post=227"},{"taxonomy":"product_cat","embeddable":true,"href":"https:\/\/trusty-projet.fr\/jenile_website\/wp-json\/wp\/v2\/product_cat?post=227"},{"taxonomy":"product_tag","embeddable":true,"href":"https:\/\/trusty-projet.fr\/jenile_website\/wp-json\/wp\/v2\/product_tag?post=227"}],"curies":[{"name":"wp","href":"https:\/\/api.w.org\/{rel}","templated":true}]}}