{"id":222,"date":"2026-02-10T09:34:22","date_gmt":"2026-02-10T08:34:22","guid":{"rendered":"https:\/\/trusty-projet.fr\/jenile_website\/?post_type=product&#038;p=222"},"modified":"2026-02-10T21:14:11","modified_gmt":"2026-02-10T20:14:11","slug":"pack-hotel-senior","status":"publish","type":"product","link":"https:\/\/trusty-projet.fr\/jenile_website\/produit\/pack-hotel-senior\/","title":{"rendered":"Pack H\u00f4tel \/ S\u00e9nior"},"content":{"rendered":"<div class=\"product__description\">\n<p>Ce pack comprend :<\/p>\n<p><strong>1 Sonnette de porte mobile avec fixation SP20M :<\/strong><\/p>\n<p>La sonnette de porte est accompagn\u00e9e d\u2019un support en m\u00e9tal pratique. Ce support vous permet de l&rsquo;accrocher facilement \u00e0 n&rsquo;importe quelle porte sans avoir \u00e0 la coller ou visser. Lorsque la porte est ferm\u00e9e, il devient impossible de retirer la sonnette car elle est solidement maintenue par le support \u00e9tant lui-m\u00eame fix\u00e9 sur la porte.<\/p>\n<p><strong>1 Cube lumineux :<\/strong><\/p>\n<p>Le cube lumineux est portable et peut \u00eatre plac\u00e9 sur un bureau, par exemple. Ce cube centralise diff\u00e9rents types d&rsquo;alarmes, chacun \u00e9tant associ\u00e9 \u00e0 une couleur sp\u00e9cifique. Vous pouvez connecter jusqu&rsquo;\u00e0 20 \u00e9metteurs diff\u00e9rents.Petit et design, il est extr\u00eamement pratique : choisissez simplement l&rsquo;\u00e9metteur dont vous avez besoin pour connecter votre cube et le faire fonctionner.<\/p>\n<p><strong>1 R\u00e9veil vibrant :<\/strong><\/p>\n<p>Ce r\u00e9veil se place sous l\u2019oreiller et offre plusieurs options pour vous r\u00e9veiller. Vous pouvez choisir parmi 2 r\u00e9glages : audio, vibrations,Ce r\u00e9veil portable compact est tr\u00e8s efficace gr\u00e2ce \u00e0 ses vibrations puissantes. De plus, il dispose d&rsquo;une fonction \u00ab\u00a0snooze\u00a0\u00bb qui vous permet de r\u00e9p\u00e9ter l&rsquo;alarme.<\/p>\n<p><strong>1 Coussin vibrant RVV:<\/strong><\/p>\n<p>Dormez en toute tranquillit\u00e9 gr\u00e2ce au coussin vibrant ! Il vous suffit de le placer sous votre oreiller et de le connecter aux r\u00e9cepteurs Jenile (Cube et Flash fixe) pour \u00eatre alert\u00e9 de tout ce qui se passe dans votre maison pendant votre sommeil. D\u00e8s que le r\u00e9veil re\u00e7oit un signal, il se d\u00e9clenche et transmet l&rsquo;alerte au coussin vibrant.<\/p>\n<p><strong>1 Prise 2 USB Jenile<\/strong><\/p>\n<\/div>\n","protected":false},"excerpt":{"rendered":"<p data-start=\"34\" data-end=\"103\">Pack pour <strong data-start=\"44\" data-end=\"102\">\u00eatre averti des visites et se r\u00e9veiller par vibrations<\/strong>.<\/p>\n<ul data-start=\"105\" data-end=\"495\">\n<li data-start=\"105\" data-end=\"207\">\n<p data-start=\"107\" data-end=\"207\"><strong data-start=\"107\" data-end=\"135\">Sonnette de porte mobile<\/strong> : avertit quand quelqu\u2019un sonne, fixation facile sans vis ni collage.<\/p>\n<\/li>\n<li data-start=\"208\" data-end=\"302\">\n<p data-start=\"210\" data-end=\"302\"><strong data-start=\"210\" data-end=\"227\">Cube lumineux<\/strong> : signale les alertes avec des couleurs diff\u00e9rentes selon l\u2019information.<\/p>\n<\/li>\n<li data-start=\"303\" data-end=\"374\">\n<p data-start=\"305\" data-end=\"374\"><strong data-start=\"305\" data-end=\"323\">R\u00e9veil vibrant<\/strong> : r\u00e9veille par vibrations (r\u00e9p\u00e9tition possible).<\/p>\n<\/li>\n<li data-start=\"375\" data-end=\"468\">\n<p data-start=\"377\" data-end=\"468\"><strong data-start=\"377\" data-end=\"396\">Coussin vibrant<\/strong> : vibre sous l\u2019oreiller pour pr\u00e9venir des alertes pendant le sommeil.<\/p>\n<\/li>\n<li data-start=\"469\" data-end=\"495\">\n<p data-start=\"471\" data-end=\"495\"><strong data-start=\"471\" data-end=\"486\">Prise 2 USB<\/strong> incluse.<\/p>\n<\/li>\n<\/ul>\n<p data-start=\"497\" data-end=\"614\" data-is-last-node=\"\" data-is-only-node=\"\">Permet aux personnes sourdes et malentendantes d\u2019\u00eatre <strong data-start=\"551\" data-end=\"590\">pr\u00e9venues par lumi\u00e8re et vibrations<\/strong>, de jour comme de nuit.<\/p>\n","protected":false},"featured_media":223,"comment_status":"open","ping_status":"closed","template":"","meta":[],"product_brand":[],"product_cat":[25,29,16],"product_tag":[],"class_list":{"0":"post-222","1":"product","2":"type-product","3":"status-publish","4":"has-post-thumbnail","6":"product_cat-entreprise-erp","7":"product_cat-packs-pro","8":"product_cat-tous","10":"first","11":"instock","12":"taxable","13":"shipping-taxable","14":"purchasable","15":"product-type-simple"},"_links":{"self":[{"href":"https:\/\/trusty-projet.fr\/jenile_website\/wp-json\/wp\/v2\/product\/222","targetHints":{"allow":["GET"]}}],"collection":[{"href":"https:\/\/trusty-projet.fr\/jenile_website\/wp-json\/wp\/v2\/product"}],"about":[{"href":"https:\/\/trusty-projet.fr\/jenile_website\/wp-json\/wp\/v2\/types\/product"}],"replies":[{"embeddable":true,"href":"https:\/\/trusty-projet.fr\/jenile_website\/wp-json\/wp\/v2\/comments?post=222"}],"wp:featuredmedia":[{"embeddable":true,"href":"https:\/\/trusty-projet.fr\/jenile_website\/wp-json\/wp\/v2\/media\/223"}],"wp:attachment":[{"href":"https:\/\/trusty-projet.fr\/jenile_website\/wp-json\/wp\/v2\/media?parent=222"}],"wp:term":[{"taxonomy":"product_brand","embeddable":true,"href":"https:\/\/trusty-projet.fr\/jenile_website\/wp-json\/wp\/v2\/product_brand?post=222"},{"taxonomy":"product_cat","embeddable":true,"href":"https:\/\/trusty-projet.fr\/jenile_website\/wp-json\/wp\/v2\/product_cat?post=222"},{"taxonomy":"product_tag","embeddable":true,"href":"https:\/\/trusty-projet.fr\/jenile_website\/wp-json\/wp\/v2\/product_tag?post=222"}],"curies":[{"name":"wp","href":"https:\/\/api.w.org\/{rel}","templated":true}]}}