{"id":216,"date":"2026-02-10T09:26:59","date_gmt":"2026-02-10T08:26:59","guid":{"rendered":"https:\/\/trusty-projet.fr\/jenile_website\/?post_type=product&#038;p=216"},"modified":"2026-02-10T09:54:43","modified_gmt":"2026-02-10T08:54:43","slug":"pack-bebe","status":"publish","type":"product","link":"https:\/\/trusty-projet.fr\/jenile_website\/produit\/pack-bebe\/","title":{"rendered":"Pack B\u00e9b\u00e9"},"content":{"rendered":"<p>Le pack B\u00e9b\u00e9 comprend:<\/p>\n<p><strong>1 D\u00e9tecteur de cri de b\u00e9b\u00e9 (DBC16)<\/strong>: D\u00e9tecteur de cri de b\u00e9b\u00e9, reli\u00e9 aux avertisseurs flashs ou vibrants Jenile ( CBM13,CBM14, VPWS14, FF8I14 ) La maman est alert\u00e9 aux moindres pleurs ce qui lui \u00e9vite de se s\u00e9parer de son enfant d\u00e8s sa premi\u00e8re nuit et de le confier au personnel soignant.<\/p>\n<p><strong>1 Cube lumineux (CBM20)<\/strong>: Cube lumineux et sonore sans fil connect\u00e9 aux \u00e9metteurs Jenile. Il est tricolore, chaque couleur repr\u00e9sente une information (Rouge: les urgences, Vert: les sonnettes et bouton d&rsquo;appel, Bleu: detecteur de cri de b\u00e9b\u00e9, les appels t\u00e9l\u00e9phonique, pc, portable, &#8230;).<\/p>\n<p><strong>1 Coussin vibrant (CoV15)<\/strong>: Dormez en toute tranquillit\u00e9! Ce coussin vibrant se place sous l&rsquo;oreiller et se branche directement sur les r\u00e9cepteurs cube de marque JENILE (CBM13-14) pour \u00eatre alert\u00e9 de tout ce qui se passe dans la chambre pendant votre sommeil. D\u00e8s que le cube re\u00e7oit un signal il s\u2019enclenche et transmet l&rsquo;alerte au coussin vibrant.<\/p>\n<p><strong>1 Prise 2 USB Jenile<\/strong><\/p>\n","protected":false},"excerpt":{"rendered":"<p data-start=\"34\" data-end=\"104\">Pack B\u00e9b\u00e9 pour <strong data-start=\"49\" data-end=\"103\">surveiller les pleurs et \u00eatre alert\u00e9 imm\u00e9diatement<\/strong>.<\/p>\n<ul data-start=\"106\" data-end=\"405\">\n<li data-start=\"106\" data-end=\"181\">\n<p data-start=\"108\" data-end=\"181\"><strong data-start=\"108\" data-end=\"128\">D\u00e9tecteur de cri<\/strong> : d\u00e9tecte les pleurs du b\u00e9b\u00e9 et envoie une alerte.<\/p>\n<\/li>\n<li data-start=\"182\" data-end=\"296\">\n<p data-start=\"184\" data-end=\"296\"><strong data-start=\"184\" data-end=\"201\">Cube lumineux<\/strong> : signale les alertes avec des couleurs (rouge urgence, vert appel, bleu b\u00e9b\u00e9 et t\u00e9l\u00e9phone).<\/p>\n<\/li>\n<li data-start=\"297\" data-end=\"378\">\n<p data-start=\"299\" data-end=\"378\"><strong data-start=\"299\" data-end=\"318\">Coussin vibrant<\/strong> : vibre sous l\u2019oreiller pour pr\u00e9venir pendant le sommeil.<\/p>\n<\/li>\n<li data-start=\"379\" data-end=\"405\">\n<p data-start=\"381\" data-end=\"405\"><strong data-start=\"381\" data-end=\"396\">Prise 2 USB<\/strong> incluse.<\/p>\n<\/li>\n<\/ul>\n<p data-start=\"407\" data-end=\"549\" data-is-last-node=\"\" data-is-only-node=\"\">Permet aux parents sourds ou malentendants d\u2019\u00eatre <strong data-start=\"457\" data-end=\"495\">pr\u00e9venus par lumi\u00e8re et vibrations<\/strong> d\u00e8s que le b\u00e9b\u00e9 pleure ou qu\u2019une alerte se d\u00e9clenche.<\/p>\n","protected":false},"featured_media":154,"comment_status":"open","ping_status":"closed","template":"","meta":[],"product_brand":[],"product_cat":[24,16],"product_tag":[],"class_list":{"0":"post-216","1":"product","2":"type-product","3":"status-publish","4":"has-post-thumbnail","6":"product_cat-surveillance-bebe","7":"product_cat-tous","9":"first","10":"instock","11":"taxable","12":"shipping-taxable","13":"purchasable","14":"product-type-simple"},"_links":{"self":[{"href":"https:\/\/trusty-projet.fr\/jenile_website\/wp-json\/wp\/v2\/product\/216","targetHints":{"allow":["GET"]}}],"collection":[{"href":"https:\/\/trusty-projet.fr\/jenile_website\/wp-json\/wp\/v2\/product"}],"about":[{"href":"https:\/\/trusty-projet.fr\/jenile_website\/wp-json\/wp\/v2\/types\/product"}],"replies":[{"embeddable":true,"href":"https:\/\/trusty-projet.fr\/jenile_website\/wp-json\/wp\/v2\/comments?post=216"}],"wp:featuredmedia":[{"embeddable":true,"href":"https:\/\/trusty-projet.fr\/jenile_website\/wp-json\/wp\/v2\/media\/154"}],"wp:attachment":[{"href":"https:\/\/trusty-projet.fr\/jenile_website\/wp-json\/wp\/v2\/media?parent=216"}],"wp:term":[{"taxonomy":"product_brand","embeddable":true,"href":"https:\/\/trusty-projet.fr\/jenile_website\/wp-json\/wp\/v2\/product_brand?post=216"},{"taxonomy":"product_cat","embeddable":true,"href":"https:\/\/trusty-projet.fr\/jenile_website\/wp-json\/wp\/v2\/product_cat?post=216"},{"taxonomy":"product_tag","embeddable":true,"href":"https:\/\/trusty-projet.fr\/jenile_website\/wp-json\/wp\/v2\/product_tag?post=216"}],"curies":[{"name":"wp","href":"https:\/\/api.w.org\/{rel}","templated":true}]}}